{"id":277,"date":"2022-06-27T20:18:58","date_gmt":"2022-06-28T02:18:58","guid":{"rendered":"https:\/\/www.radioculturaltgn.tv\/inicio\/?page_id=277"},"modified":"2024-01-29T15:47:07","modified_gmt":"2024-01-29T21:47:07","slug":"ofrendas","status":"publish","type":"page","link":"https:\/\/www.radioculturaltgn.tv\/inicio\/ofrendas\/","title":{"rendered":"Ofrendas"},"content":{"rendered":"\t\t<div data-elementor-type=\"wp-page\" data-elementor-id=\"277\" class=\"elementor elementor-277\">\n\t\t\t\t\t\t<section class=\"elementor-section elementor-top-section elementor-element elementor-element-3414ffc4 elementor-section-boxed elementor-section-height-default elementor-section-height-default\" data-id=\"3414ffc4\" data-element_type=\"section\" data-e-type=\"section\">\n\t\t\t\t\t\t<div class=\"elementor-container elementor-column-gap-default\">\n\t\t\t\t\t<div class=\"aux-parallax-section elementor-column elementor-col-100 elementor-top-column elementor-element elementor-element-13c103af\" data-id=\"13c103af\" data-element_type=\"column\" data-e-type=\"column\">\n\t\t\t<div class=\"elementor-widget-wrap elementor-element-populated\">\n\t\t\t\t\t\t<div class=\"elementor-element elementor-element-55e553c3 elementor-widget elementor-widget-text-editor\" data-id=\"55e553c3\" data-element_type=\"widget\" data-e-type=\"widget\" data-widget_type=\"text-editor.default\">\n\t\t\t\t<div class=\"elementor-widget-container\">\n\t\t\t\t\t\t\t\t\t\n<div class=\"wp-block-columns is-layout-flex wp-container-core-columns-is-layout-9d6595d7 wp-block-columns-is-layout-flex\"><\/div>\n\t\t\t\t\t\t\t\t<\/div>\n\t\t\t\t<\/div>\n\t\t\t\t\t<\/div>\n\t\t<\/div>\n\t\t\t\t\t<\/div>\n\t\t<\/section>\n\t\t\t\t<section class=\"elementor-section elementor-top-section elementor-element elementor-element-431ae09 elementor-section-full_width elementor-section-height-default elementor-section-height-default\" data-id=\"431ae09\" data-element_type=\"section\" data-e-type=\"section\">\n\t\t\t\t\t\t<div class=\"elementor-container elementor-column-gap-default\">\n\t\t\t\t\t<div class=\"aux-parallax-section elementor-column elementor-col-100 elementor-top-column elementor-element elementor-element-affffae\" data-id=\"affffae\" data-element_type=\"column\" data-e-type=\"column\">\n\t\t\t<div class=\"elementor-widget-wrap elementor-element-populated\">\n\t\t\t\t\t\t<div class=\"elementor-element elementor-element-1decace elementor-widget elementor-widget-heading\" data-id=\"1decace\" data-element_type=\"widget\" data-e-type=\"widget\" data-widget_type=\"heading.default\">\n\t\t\t\t<div class=\"elementor-widget-container\">\n\t\t\t\t\t<h2 class=\"elementor-heading-title elementor-size-default\">OFRENDAS RADIO CULTURAL TGN<\/h2>\t\t\t\t<\/div>\n\t\t\t\t<\/div>\n\t\t\t\t<div class=\"elementor-element elementor-element-03ecb16 elementor-widget elementor-widget-text-editor\" data-id=\"03ecb16\" data-element_type=\"widget\" data-e-type=\"widget\" data-widget_type=\"text-editor.default\">\n\t\t\t\t<div class=\"elementor-widget-container\">\n\t\t\t\t\t\t\t\t\t<p>Jehov\u00e1 te oiga en el d\u00eda de conflicto; el nombre del Dios de Jacob te defienda. Te env\u00ede ayuda desde el santuario, y desde Sion te sostenga. Haga memoria de todas tus ofrendas. Y acepte tu holocausto. Te d\u00e9 conforme al deseo de tu coraz\u00f3n, y cumpla todo tu consejo. Salmo 20:1-4<\/p>\t\t\t\t\t\t\t\t<\/div>\n\t\t\t\t<\/div>\n\t\t\t\t<div class=\"elementor-element elementor-element-0ee6fc4 elementor-widget-divider--view-line_icon elementor-view-default elementor-widget-divider--element-align-center elementor-widget elementor-widget-divider\" data-id=\"0ee6fc4\" data-element_type=\"widget\" data-e-type=\"widget\" data-widget_type=\"divider.default\">\n\t\t\t\t<div class=\"elementor-widget-container\">\n\t\t\t\t\t\t\t<div class=\"elementor-divider\">\n\t\t\t<span class=\"elementor-divider-separator\">\n\t\t\t\t\t\t\t<div class=\"elementor-icon elementor-divider__element\">\n\t\t\t\t\t<i aria-hidden=\"true\" class=\"auxicon auxicon-radio\"><\/i><\/div>\n\t\t\t\t\t\t<\/span>\n\t\t<\/div>\n\t\t\t\t\t\t<\/div>\n\t\t\t\t<\/div>\n\t\t\t\t<div class=\"elementor-element elementor-element-d7ea447 elementor-widget elementor-widget-heading\" data-id=\"d7ea447\" data-element_type=\"widget\" data-e-type=\"widget\" data-widget_type=\"heading.default\">\n\t\t\t\t<div class=\"elementor-widget-container\">\n\t\t\t\t\t<h4 class=\"elementor-heading-title elementor-size-default\">DEP\u00d3SITO BANCARIO \/ TRANSFERENCIA \/ ACH<\/h4>\t\t\t\t<\/div>\n\t\t\t\t<\/div>\n\t\t\t\t<div class=\"elementor-element elementor-element-5de2e33 elementor-widget elementor-widget-text-editor\" data-id=\"5de2e33\" data-element_type=\"widget\" data-e-type=\"widget\" data-widget_type=\"text-editor.default\">\n\t\t\t\t<div class=\"elementor-widget-container\">\n\t\t\t\t\t\t\t\t\t<p>Si est\u00e1s en Guatemala puedes hacer un dep\u00f3sito, transferencia o ACH a las siguientes cuentas monetarias<\/p>\t\t\t\t\t\t\t\t<\/div>\n\t\t\t\t<\/div>\n\t\t\t\t\t<\/div>\n\t\t<\/div>\n\t\t\t\t\t<\/div>\n\t\t<\/section>\n\t\t\t\t<section class=\"elementor-section elementor-top-section elementor-element elementor-element-8c0613c elementor-section-boxed elementor-section-height-default elementor-section-height-default\" data-id=\"8c0613c\" data-element_type=\"section\" data-e-type=\"section\">\n\t\t\t\t\t\t<div class=\"elementor-container elementor-column-gap-default\">\n\t\t\t\t\t<div class=\"aux-parallax-section elementor-column elementor-col-25 elementor-top-column elementor-element elementor-element-987ac79\" data-id=\"987ac79\" data-element_type=\"column\" data-e-type=\"column\">\n\t\t\t<div class=\"elementor-widget-wrap elementor-element-populated\">\n\t\t\t\t\t\t<div class=\"elementor-element elementor-element-1c6acd9 elementor-widget elementor-widget-aux_image\" data-id=\"1c6acd9\" data-element_type=\"widget\" data-e-type=\"widget\" data-widget_type=\"aux_image.default\">\n\t\t\t\t<div class=\"elementor-widget-container\">\n\t\t\t\t\t<section class=\"widget-container aux-widget-image aux-alignnone aux-parent-au1ac236ac\">\n    <div class=\"aux-media-hint-frame \">\n        <div class=\"aux-media-image \" >\n        \n            \n\n            \n            <img fetchpriority=\"high\" decoding=\"async\" width=\"512\" height=\"252\" src=\"https:\/\/www.radioculturaltgn.tv\/inicio\/wp-content\/uploads\/2022\/06\/ico-banrural.jpg\" class=\"aux-attachment aux-featured-image aux-attachment-id-300\" alt=\"ico-banrural\" data-ratio=\"2.03\" data-original-w=\"512\" \/>            \n                <\/div>\n    <\/div>\n\n<\/section><!-- widget-container -->\t\t\t\t<\/div>\n\t\t\t\t<\/div>\n\t\t\t\t<div class=\"elementor-element elementor-element-bc44808 elementor-widget elementor-widget-text-editor\" data-id=\"bc44808\" data-element_type=\"widget\" data-e-type=\"widget\" data-widget_type=\"text-editor.default\">\n\t\t\t\t<div class=\"elementor-widget-container\">\n\t\t\t\t\t\t\t\t\t<p>Opci\u00f3n 1: Cuenta Empresarial 730<\/p>\n<p>Opci\u00f3n 2: No. 3-03321431-1<br \/>a nombre de RADIO CULTURAL TGN<\/p>\t\t\t\t\t\t\t\t<\/div>\n\t\t\t\t<\/div>\n\t\t\t\t\t<\/div>\n\t\t<\/div>\n\t\t\t\t<div class=\"aux-parallax-section elementor-column elementor-col-25 elementor-top-column elementor-element elementor-element-f4ff569\" data-id=\"f4ff569\" data-element_type=\"column\" data-e-type=\"column\">\n\t\t\t<div class=\"elementor-widget-wrap elementor-element-populated\">\n\t\t\t\t\t\t<div class=\"elementor-element elementor-element-9780eb7 elementor-widget elementor-widget-aux_image\" data-id=\"9780eb7\" data-element_type=\"widget\" data-e-type=\"widget\" data-widget_type=\"aux_image.default\">\n\t\t\t\t<div class=\"elementor-widget-container\">\n\t\t\t\t\t<section class=\"widget-container aux-widget-image aux-alignnone aux-parent-au2682dbb6\">\n    <div class=\"aux-media-hint-frame \">\n        <div class=\"aux-media-image \" >\n        \n            \n\n            \n            <img decoding=\"async\" width=\"512\" height=\"252\" src=\"https:\/\/www.radioculturaltgn.tv\/inicio\/wp-content\/uploads\/2022\/06\/ico-gtc.jpg\" class=\"aux-attachment aux-featured-image aux-attachment-id-302\" alt=\"ico-gtc\" data-ratio=\"2.03\" data-original-w=\"512\" \/>            \n                <\/div>\n    <\/div>\n\n<\/section><!-- widget-container -->\t\t\t\t<\/div>\n\t\t\t\t<\/div>\n\t\t\t\t<div class=\"elementor-element elementor-element-0dd8084 elementor-widget elementor-widget-text-editor\" data-id=\"0dd8084\" data-element_type=\"widget\" data-e-type=\"widget\" data-widget_type=\"text-editor.default\">\n\t\t\t\t<div class=\"elementor-widget-container\">\n\t\t\t\t\t\t\t\t\t<p>No. 50-0670722-8<br \/>a nombre de RADIO CULTURAL TGN<\/p>\t\t\t\t\t\t\t\t<\/div>\n\t\t\t\t<\/div>\n\t\t\t\t\t<\/div>\n\t\t<\/div>\n\t\t\t\t<div class=\"aux-parallax-section elementor-column elementor-col-25 elementor-top-column elementor-element elementor-element-75f58e5\" data-id=\"75f58e5\" data-element_type=\"column\" data-e-type=\"column\">\n\t\t\t<div class=\"elementor-widget-wrap elementor-element-populated\">\n\t\t\t\t\t\t<div class=\"elementor-element elementor-element-e023ed3 elementor-widget elementor-widget-aux_image\" data-id=\"e023ed3\" data-element_type=\"widget\" data-e-type=\"widget\" data-widget_type=\"aux_image.default\">\n\t\t\t\t<div class=\"elementor-widget-container\">\n\t\t\t\t\t<section class=\"widget-container aux-widget-image aux-alignnone aux-parent-au41c9eb1b\">\n    <div class=\"aux-media-hint-frame \">\n        <div class=\"aux-media-image \" >\n        \n            \n\n            \n            <img decoding=\"async\" width=\"512\" height=\"252\" src=\"https:\/\/www.radioculturaltgn.tv\/inicio\/wp-content\/uploads\/2022\/06\/ico-chn.jpg\" class=\"aux-attachment aux-featured-image aux-attachment-id-304\" alt=\"ico-chn\" data-ratio=\"2.03\" data-original-w=\"512\" \/>            \n                <\/div>\n    <\/div>\n\n<\/section><!-- widget-container -->\t\t\t\t<\/div>\n\t\t\t\t<\/div>\n\t\t\t\t<div class=\"elementor-element elementor-element-bbcb110 elementor-widget elementor-widget-text-editor\" data-id=\"bbcb110\" data-element_type=\"widget\" data-e-type=\"widget\" data-widget_type=\"text-editor.default\">\n\t\t\t\t<div class=\"elementor-widget-container\">\n\t\t\t\t\t\t\t\t\t<p>No. 02-001-000327-9<br \/>a nombre de RADIO CULTURAL TGN<\/p>\t\t\t\t\t\t\t\t<\/div>\n\t\t\t\t<\/div>\n\t\t\t\t\t<\/div>\n\t\t<\/div>\n\t\t\t\t<div class=\"aux-parallax-section elementor-column elementor-col-25 elementor-top-column elementor-element elementor-element-800ab61\" data-id=\"800ab61\" data-element_type=\"column\" data-e-type=\"column\">\n\t\t\t<div class=\"elementor-widget-wrap elementor-element-populated\">\n\t\t\t\t\t\t<div class=\"elementor-element elementor-element-80e255b elementor-widget elementor-widget-aux_image\" data-id=\"80e255b\" data-element_type=\"widget\" data-e-type=\"widget\" data-widget_type=\"aux_image.default\">\n\t\t\t\t<div class=\"elementor-widget-container\">\n\t\t\t\t\t<section class=\"widget-container aux-widget-image aux-alignnone aux-parent-auc8ea2a88\">\n    <div class=\"aux-media-hint-frame \">\n        <div class=\"aux-media-image \" >\n        \n            \n\n            \n            <img loading=\"lazy\" decoding=\"async\" width=\"512\" height=\"252\" src=\"https:\/\/www.radioculturaltgn.tv\/inicio\/wp-content\/uploads\/2022\/06\/ico-bam.jpg\" class=\"aux-attachment aux-featured-image aux-attachment-id-303\" alt=\"ico-bam\" srcset=\"https:\/\/www.radioculturaltgn.tv\/inicio\/wp-content\/uploads\/2022\/06\/ico-bam-150x150.jpg 150w,https:\/\/www.radioculturaltgn.tv\/inicio\/wp-content\/uploads\/2022\/06\/ico-bam-300x252.jpg 300w,https:\/\/www.radioculturaltgn.tv\/inicio\/wp-content\/uploads\/2022\/06\/ico-bam.jpg 512w\" data-ratio=\"1\" data-original-w=\"512\" sizes=\"(max-width:479px) 480px,(max-width:767px) 768px,(max-width:1023px) 1024px,512px\" \/>            \n                <\/div>\n    <\/div>\n\n<\/section><!-- widget-container -->\t\t\t\t<\/div>\n\t\t\t\t<\/div>\n\t\t\t\t<div class=\"elementor-element elementor-element-3181116 elementor-widget elementor-widget-text-editor\" data-id=\"3181116\" data-element_type=\"widget\" data-e-type=\"widget\" data-widget_type=\"text-editor.default\">\n\t\t\t\t<div class=\"elementor-widget-container\">\n\t\t\t\t\t\t\t\t\t<p>No. 00-14-00273-7<br \/>a nombre de RADIO CULTURAL TGN<\/p>\t\t\t\t\t\t\t\t<\/div>\n\t\t\t\t<\/div>\n\t\t\t\t\t<\/div>\n\t\t<\/div>\n\t\t\t\t\t<\/div>\n\t\t<\/section>\n\t\t\t\t<section class=\"elementor-section elementor-top-section elementor-element elementor-element-0010e48 elementor-section-boxed elementor-section-height-default elementor-section-height-default\" data-id=\"0010e48\" data-element_type=\"section\" data-e-type=\"section\">\n\t\t\t\t\t\t<div class=\"elementor-container elementor-column-gap-default\">\n\t\t\t\t\t<div class=\"aux-parallax-section elementor-column elementor-col-100 elementor-top-column elementor-element elementor-element-a5f22c1\" data-id=\"a5f22c1\" data-element_type=\"column\" data-e-type=\"column\">\n\t\t\t<div class=\"elementor-widget-wrap elementor-element-populated\">\n\t\t\t\t\t\t<div class=\"elementor-element elementor-element-ce8e817 elementor-widget elementor-widget-heading\" data-id=\"ce8e817\" data-element_type=\"widget\" data-e-type=\"widget\" data-widget_type=\"heading.default\">\n\t\t\t\t<div class=\"elementor-widget-container\">\n\t\t\t\t\t<h4 class=\"elementor-heading-title elementor-size-default\">\u00a1Muy pronto podr\u00e1s hacer tus donaciones en l\u00ednea!<\/h4>\t\t\t\t<\/div>\n\t\t\t\t<\/div>\n\t\t\t\t<div class=\"elementor-element elementor-element-779978e elementor-widget elementor-widget-text-editor\" data-id=\"779978e\" data-element_type=\"widget\" data-e-type=\"widget\" data-widget_type=\"text-editor.default\">\n\t\t\t\t<div class=\"elementor-widget-container\">\n\t\t\t\t\t\t\t\t\t<div>\n<div>\n<div>Puede realizar su ofrenda en linea con tarjetas de d\u00e9bito o cr\u00e9dito.<\/div>\n<\/div>\n<\/div>\t\t\t\t\t\t\t\t<\/div>\n\t\t\t\t<\/div>\n\t\t\t\t<div class=\"elementor-element elementor-element-660fc57 elementor-widget elementor-widget-image\" data-id=\"660fc57\" data-element_type=\"widget\" data-e-type=\"widget\" data-widget_type=\"image.default\">\n\t\t\t\t<div class=\"elementor-widget-container\">\n\t\t\t\t\t\t\t\t\t\t\t\t\t\t\t<img loading=\"lazy\" decoding=\"async\" width=\"2024\" height=\"776\" src=\"https:\/\/www.radioculturaltgn.tv\/inicio\/wp-content\/uploads\/2022\/07\/ico-card-pay-proximante.jpeg\" class=\"attachment-full size-full wp-image-470\" alt=\"\" srcset=\"https:\/\/www.radioculturaltgn.tv\/inicio\/wp-content\/uploads\/2022\/07\/ico-card-pay-proximante.jpeg 2024w, https:\/\/www.radioculturaltgn.tv\/inicio\/wp-content\/uploads\/2022\/07\/ico-card-pay-proximante-1536x589.jpeg 1536w\" sizes=\"(max-width: 2024px) 100vw, 2024px\" \/>\t\t\t\t\t\t\t\t\t\t\t\t\t\t\t<\/div>\n\t\t\t\t<\/div>\n\t\t\t\t\t<\/div>\n\t\t<\/div>\n\t\t\t\t\t<\/div>\n\t\t<\/section>\n\t\t\t\t<\/div>\n\t\t","protected":false},"excerpt":{"rendered":"<p>OFRENDAS RADIO CULTURAL TGN Jehov\u00e1 te oiga en el d\u00eda de conflicto; el nombre del Dios de Jacob te defienda. Te env\u00ede ayuda desde el santuario, y desde Sion te sostenga. Haga memoria de todas tus ofrendas. Y acepte tu holocausto. Te d\u00e9 conforme al deseo de tu coraz\u00f3n, y cumpla todo tu consejo. Salmo [&hellip;]<\/p>\n","protected":false},"author":1,"featured_media":0,"parent":0,"menu_order":0,"comment_status":"closed","ping_status":"closed","template":"","meta":{"om_disable_all_campaigns":false,"footnotes":""},"class_list":["post-277","page","type-page","status-publish","hentry"],"_links":{"self":[{"href":"https:\/\/www.radioculturaltgn.tv\/inicio\/wp-json\/wp\/v2\/pages\/277","targetHints":{"allow":["GET"]}}],"collection":[{"href":"https:\/\/www.radioculturaltgn.tv\/inicio\/wp-json\/wp\/v2\/pages"}],"about":[{"href":"https:\/\/www.radioculturaltgn.tv\/inicio\/wp-json\/wp\/v2\/types\/page"}],"author":[{"embeddable":true,"href":"https:\/\/www.radioculturaltgn.tv\/inicio\/wp-json\/wp\/v2\/users\/1"}],"replies":[{"embeddable":true,"href":"https:\/\/www.radioculturaltgn.tv\/inicio\/wp-json\/wp\/v2\/comments?post=277"}],"version-history":[{"count":30,"href":"https:\/\/www.radioculturaltgn.tv\/inicio\/wp-json\/wp\/v2\/pages\/277\/revisions"}],"predecessor-version":[{"id":898,"href":"https:\/\/www.radioculturaltgn.tv\/inicio\/wp-json\/wp\/v2\/pages\/277\/revisions\/898"}],"wp:attachment":[{"href":"https:\/\/www.radioculturaltgn.tv\/inicio\/wp-json\/wp\/v2\/media?parent=277"}],"curies":[{"name":"wp","href":"https:\/\/api.w.org\/{rel}","templated":true}]}}