{"id":728,"date":"2023-03-10T08:23:20","date_gmt":"2023-03-10T14:23:20","guid":{"rendered":"https:\/\/www.radioculturaltgn.tv\/inicio\/?page_id=728"},"modified":"2023-03-28T15:47:47","modified_gmt":"2023-03-28T21:47:47","slug":"nuestra-historia","status":"publish","type":"page","link":"https:\/\/www.radioculturaltgn.tv\/inicio\/nuestra-historia\/","title":{"rendered":"Nuestra Historia"},"content":{"rendered":"\t\t<div data-elementor-type=\"wp-page\" data-elementor-id=\"728\" class=\"elementor elementor-728\">\n\t\t\t\t\t\t<section class=\"elementor-section elementor-top-section elementor-element elementor-element-e93f232 elementor-section-boxed elementor-section-height-default elementor-section-height-default\" data-id=\"e93f232\" data-element_type=\"section\" data-e-type=\"section\">\n\t\t\t\t\t\t<div class=\"elementor-container elementor-column-gap-default\">\n\t\t\t\t\t<div class=\"aux-parallax-section elementor-column elementor-col-100 elementor-top-column elementor-element elementor-element-a5e3663\" data-id=\"a5e3663\" data-element_type=\"column\" data-e-type=\"column\">\n\t\t\t<div class=\"elementor-widget-wrap elementor-element-populated\">\n\t\t\t\t\t\t<div class=\"elementor-element elementor-element-cf91fa3 elementor-widget elementor-widget-heading\" data-id=\"cf91fa3\" data-element_type=\"widget\" data-e-type=\"widget\" data-widget_type=\"heading.default\">\n\t\t\t\t<div class=\"elementor-widget-container\">\n\t\t\t\t\t<h2 class=\"elementor-heading-title elementor-size-default\">NUESTRA HISTORIA<\/h2>\t\t\t\t<\/div>\n\t\t\t\t<\/div>\n\t\t\t\t\t<\/div>\n\t\t<\/div>\n\t\t\t\t\t<\/div>\n\t\t<\/section>\n\t\t\t\t<\/div>\n\t\t","protected":false},"excerpt":{"rendered":"<p>NUESTRA HISTORIA 194511 de de FebreroTransmisi\u00f3n Con una visi\u00f3n evangelistica y de ense\u00f1anza b\u00edblica, el 11 de febrero de 1945, se transmiti\u00f3 el primer programa evang\u00e9lico en Guatemala. 194720 de SeptiembrePrimera Radio Se adquiere el permiso gubernamental para establecer y operar una radiodifusora totalmente evang\u00e9lica.\u00a0 195006 de AgostoInicio de la Radio Inauguraci\u00f3n, dedicaci\u00f3n y celebraci\u00f3n. [&hellip;]<\/p>\n","protected":false},"author":1,"featured_media":85,"parent":0,"menu_order":0,"comment_status":"closed","ping_status":"closed","template":"","meta":{"om_disable_all_campaigns":false,"footnotes":""},"class_list":["post-728","page","type-page","status-publish","has-post-thumbnail","hentry"],"_links":{"self":[{"href":"https:\/\/www.radioculturaltgn.tv\/inicio\/wp-json\/wp\/v2\/pages\/728","targetHints":{"allow":["GET"]}}],"collection":[{"href":"https:\/\/www.radioculturaltgn.tv\/inicio\/wp-json\/wp\/v2\/pages"}],"about":[{"href":"https:\/\/www.radioculturaltgn.tv\/inicio\/wp-json\/wp\/v2\/types\/page"}],"author":[{"embeddable":true,"href":"https:\/\/www.radioculturaltgn.tv\/inicio\/wp-json\/wp\/v2\/users\/1"}],"replies":[{"embeddable":true,"href":"https:\/\/www.radioculturaltgn.tv\/inicio\/wp-json\/wp\/v2\/comments?post=728"}],"version-history":[{"count":29,"href":"https:\/\/www.radioculturaltgn.tv\/inicio\/wp-json\/wp\/v2\/pages\/728\/revisions"}],"predecessor-version":[{"id":831,"href":"https:\/\/www.radioculturaltgn.tv\/inicio\/wp-json\/wp\/v2\/pages\/728\/revisions\/831"}],"wp:featuredmedia":[{"embeddable":true,"href":"https:\/\/www.radioculturaltgn.tv\/inicio\/wp-json\/wp\/v2\/media\/85"}],"wp:attachment":[{"href":"https:\/\/www.radioculturaltgn.tv\/inicio\/wp-json\/wp\/v2\/media?parent=728"}],"curies":[{"name":"wp","href":"https:\/\/api.w.org\/{rel}","templated":true}]}}